
-30
Evaluate -14 + -4 + 22 + -6 - -17 - (-11 - 1).
27
What is the value of -1 + -16 + (29 - -19) + -44 - -41?
28
What is the value of 10 - ((-3 - -40) + -4 + -2 + -5)?
-16
Calculate 109 + -169 + (39 - 3 - 7).
-31
What is 50 - (7 + (18 - 12) + -4)?
41
10 + 8 + -2 - (-15 + (6 - 2))
27
What is 15 - 0 - 0 - (103 + -57 + -38)?
7
What is the value of -8 + -10 + -1 + 22 + 33?
36
What is the value of (44 - -24 - 42) + -23 + 0?
3
Calculate (31 - 0) + (-74 - -61) + 54.
72
Calculate (-38 - (-53 - -23)) + (47 - 11).
28
What is the value of (4 - 6 - 7) + (-86 + 34 - -40)?
-21
What is the value of 45 + -110 - ((-11 - -2) + 2)?
-58
-9 - ((-11 + 20 - -6) + (1 - -13))
-38
What is the value of 4 + (-1 - -3) + (18 + -43 - -49 - 81)?
-51
What is the value of 30 + (-6 - 21) + (-2 - 36 - -1)?
-34
21 - -1 - (38 + 0 + -30) - 59
-45
Calculate (1 - 5) + (-33 + 4 + 34 - 10).
-9
What is the value of ((50 - 25) + -32 - -35) + -11?
17
What is 18 + -21 + 15 + -97 - (-20 + 0 + 8)?
-73
Evaluate (-4 - -2 - -5) + (-66 - (38 - 85)) + 145.
129
What is 67 + -66 + 97 + -5 + 19?
112
Evaluate -49 + -30 + (-35 - -30) + 12 + 1.
-71
-44 - (15 - (86 + -47))
-20
What is the value of 1 + 8 + (0 - 8) + 31?
32
Calculate -8 + 5 + 21 + (-10 - 72) + 17.
-47
What is (0 - 51) + 6202 + -6215?
-64
What is (-40 - -13) + -42 - -82?
13
What is the value of -6 - (-39 - -42 - -5 - (1 + -1 - 30))?
-44
What is 112 + -14 - -20 - (-9 + 1 - (-48 - -51))?
129
What is the value of -73 + -1 + 9578 + -9524?
-20
-36 + (2 - 57) + 30
-61
What is ((-5 - -2) + 3 - (-37 - -41)) + 3?
-1
Evaluate (-2542 - -2539) + (0 - (-18 - -1)).
14
Calculate 6 + (40 - 66) - (1 + -2).
-19
What is the value of (19 + 47 - 31) + (1 - 20) + -133?
-117
Evaluate -8 + (-12 - (24 - (-11 - -18))).
-37
Evaluate 32 - (17 + -4) - (4 + -10 - -2).
23
What is -16 + -6 + -88 + 260 + -252?
-102
What is (-55 - -45) + (-2 - 0 - (-63 - -10))?
41
Evaluate 20 - (11 + (-7 - -24) + -4 + -9).
5
Evaluate -85 + -1 - (76 + -64 - 13).
-85
(5 - 9) + (48 + -29 - -21) - -16
52
What is 16 - -22 - (13 - (-50 - -91))?
66
What is -6 - (-32 + -1 + 4) - (13 - (18 + 0))?
28
(-120 - -130 - (3 + 32)) + 7 + -1
-19
What is the value of -17 + (36 - (-47 + 101))?
-35
(-4 - (12 + -13 + -24)) + -28
-7
What is 45 - 109 - -6 - -89?
31
What is (-121 - -66) + 55 + -51?
-51
Evaluate -2586 - -2641 - (1 - -127).
-73
What is the value of 6 + -73 + (-305 - -404)?
32
Calculate (5 + -9 - 9 - 7 - -2) + -2.
-20
Calculate -1 - (60 - (-82 + 15)).
-128
-9 + -49 + 21 + -1
-38
What is the value of (-68 - -24 - -20 - -48) + -64?
-40
115 - (37 + 29 + -5)
54
Evaluate (13 - (79 - -27)) + -8 + 25.
-76
What is the value of 615 - 628 - (2 + (-69 - 3))?
57
Evaluate (46 - 5) + (4 - -10 - 33) + (2 - -6).
30
Calculate -17 + -15 - 9 - -7 - (2 + 2 - 0).
-38
-10 + -6 + 19 + (-11 - 17)
-25
What is the value of (112 - 159) + 12 + 56?
21
(4 - (-23 - 6)) + (2 - 6) + 10 + -24
15
What is 19 - ((-7 + -7 - -31) + 19)?
-17
What is -22 + 1 + -5 + -5 + 6 - (-469 - -467)?
-23
Calculate -108 + 2 + 18 + (-5 - -12) + -24.
-105
Calculate (67 - 108) + (-2 + (0 - -6 - 3) - 13).
-53
Calculate 12178 + -12160 + (-3 - -5 - 6 - (2 - 4)).
16
-55 + 11 + 44 + 1 + 6 - 10
-3
What is the value of -23 + 59 + -33 + (-63 - 1)?
-61
What is the value of -41 - 16 - (-11 + (24 - 11))?
-59
What is the value of -47 - (-47 - -7 - -34)?
-41
What is 22 + -22 - (-16 + -6)?
22
What is the value of -48 + 16 + (53 - 1)?
20
Calculate (-125 - 0) + (-477 - -582).
-20
37 - (74 + -37 + -9)
9
Calculate 2 + (-6 - -10 - 15) + -3 + 26.
14
27 + 0 + (-45 - (71 - 112))
23
What is the value of -194 - -206 - (1 + (1 - -104) - -7)?
-101
-4725 - -4595 - (-124 - 4)
-2
Calculate 145 + -195 + -1 + 9 - 51.
-93
What is -160 + 84 + 2 - -4?
-70
-187 - -95 - -54 - (0 + (3 - 2))
-39
-5 + (-18 - (2 - 49)) + 26
50
Calculate 65 + -35 + -55 + 63.
38
What is -100 + (54 + -12 - (23 - 2))?
-79
Evaluate 2 - (-18 + (-23 - -57) + 1 + -7).
-8
70 - (101 + (32 - 55))
-8
29 + 6 + -23 + 140
152
-20 - (17 + -41 + 20) - ((4 - -3) + 1)
-24
Evaluate 5 + (0 + -22 - (1123 + -1152)).
12
Calculate -1 + 1 - -2 - ((13 - 58) + (-3 - -2)).
48
What is the value of 90 + -106 + 29 - (-89 + 1) - -15?
116
28 + 8 + (167 - 82) + 0
121
Evaluate (-57 - (-109 - -42)) + 0.
10
Calculate 7 + -5 + 5 + (-6 - 8) + 54 + -2.
45
What is the value of -1 - (-61 - -71 - (2 - 0) - 59)?
50
69 + -117 + 45 + (-40 - 3)
-46
Evaluate (7 + (-9 + -7 - (1 + -7)) - -19) + -10.
6
Calculate (77 - -7) + -1466 + 1242.
-140
Calculate 107 - (8 - -31) - 73.
-5
Calculate -10 + -8 + (25 - 32).
-25
(229 - 253) + (3 + -5 - -89)
63
Calculate -9 + (-2 - 0) - (-54 + -25 + (13 - 25)).
80
75 + 0 + -97 - -21
-1
What is 4 - ((-6 - (-1 - 0)) + (151 - 195))?
53
(3 - -3 - 4) + (36 - (-1 + 31))
8
118 - 0 - (-11112 + 11139)
91
Calculate -57 + (-17 + 92 - -28).
46
What is the value of -60 + (-7 - -4 - (-4 + -5)) + -18?
-72
What is -267 + 229 + (3 - -9) + -9?
-35
What is 41 + -21 + -11 + (8 - (7 - (2 - -9)))?
21
What is 71 - 75 - (5 - (-33 + (13 - 1 - 7)))?
-37
-18 - (-12 + (-17 - 12 - 5))
28
Calculate -138 + (22 - 3) - -61.
-58
Calculate 36360 + -36312 + -2 + -177 + -1.
-132
Calculate 18 + (1 + 2 - (34 + -59 - -18)) + -2.
26
Evaluate 14 + 3 + (59 - 30 - 32) - 13.
1
What is the value of (19 - (-28 + 91)) + 21?
-23
What is 3 - (21 + -31) - (-4 + 37) - -18?
-2
Evaluate -156 + 173 - ((-94 - -97) + 1 + -113).
126
Calculate 1 + (-1 - (1 + 38)) + -27.
-66
8 - -4 - (118 - 81) - -40
15
What is the value of 2 - (1 + -16 + 390 + -376)?
3
What is the value of 3 + -2 - 29 - (-28 - 55)?
55
Calculate (0 - -2) + -13 - ((53 - 33) + (1 - 127)).
95
(66 + -1 - 0 - 0) + (126 + 99 - 233)
57
What is (-135 - -305) + -84 - 63?
23
What is the value of 45 - (10 + (-5 - 8) + (57 - 55))?
46
6 - (-2 - 2) - (-19 + 35 + -16) - -11
21
Evaluate -20 - (34 + -29 - 19) - (1 - -1 - 7).
-1
What is the value of 5 + (-34 - (-24 - -12)) + 43?
26
What is 12 + 121 + -3 + 4?
134
What is the value of 65 - (-8 + 143) - -38?
-32
What is (-7 - -14) + (20 - 3 - -3)?
27
What is the value of -45 + (-5 - (12 + -7 + -15))?
-40
Evaluate (883 - 898 - (-1 - 0)) + -9 + (-4 - -3).
-24
What is the value of -14 - (4 + 31 + -12)?
-37
-7 + 14 + (-87 - -2) + 6 + -10 + -8
-90
Evaluate (293 - 243) + -38 - (54 - (-3 - -1)).
-44
Calculate 8890 + -8899 + -1 + (9 - 0).
-1
Evaluate (1 + -44 - (20 + -35)) + 18.
-10
What is the value of -16 + (-10 - -25 - (-9 + 6 + 12))?
-10
Calculate -13 + (-25 - (4 + -57)) - 94.
-79
Calculate 0 + (3 - (-36 - (-21 - 12) - (51 + -1))).
56
Evaluate 0 + -65 + (16 - 36 - 0) + 0 + 2.
-83
Calculate (13 - -2 - (56 - 35)) + 24.
18
Calculate (1 - 111) + (-12 + 1 - (19 - (43 + -29))).
-126
Calculate (-70 - -9) + (-18 + 37 - 5) + -30.
-77
What is (0 - (14 - 6)) + 2 - ((52 - 5) + -6)?
-47
What is the value of -5 + 5 - 3 - (5 + 32 + -5)?
-35
Calculate -140 - (111 - (106 + 12)).
-133
Evaluate (-20 - (15 - 14 - 12)) + 21.
12
Evaluate 23 - (17 + -9 + (-35 - -14)).
36
What is the value of 84 + (28 - 32 - (-3 - -3) - (-1 + -6))?
87
76 - 55 - ((-10 - -20) + 13)
-2
Calculate 83 - (-83 - (113 + -266)).
13
Evaluate 39 - (-26 - (35 + 0 + -57)).
43
What is the value of 59 - (32 - -7) - -15?
35
What is 21 + (7 - (-19 - (2 - 24)))?
25
What is the value of 2 - (-53 - (46 + -84))?
17
Evaluate 10 - (-15 + 9 + -16 + 55).
-23
What is the value of 33 + (61 - 13 - 77)?
4
What is 23 + 25 + -6 + -14 + 22?
50
What is the value of -29 + (17 - -53) + -42?
-1
Evaluate 37 - (14 - (-10 + -53)).
-40
What is (-14 - 48) + 1 + (-3 - (8 - 15))?
-57
Calculate -156 + 191 - ((2 - 1) + 2 + -3).
35
21 + -3 - (-107 - -137) - (1 + -8)
-5
Evaluate 55 - (59 - 40 - -74).
-38
What is the value of -3 + -16 - 20 - ((2 - (-11 + 8)) + -14)?
-30
Calculate (53 - 56) + 1 - (27 + 3 + -1).
-31
Calculate (25 - (16 + -26 + 4)) + 4.
35
(47 - 36 - -1 - -2) + 4
18
What is 860 + -830 - (-1 + 69) - -93?
55
What is -19 + (38 - 14) + 11 + 0?
16
What is 16 + 4 + 0 - 84 - (-7 - -3)?
-60
Evaluate (0 - ((0 - 2) + -3) - 76) + 7 + 2.
-62
(-243 - -253) + (3 - 1) + 29
41
Evaluate -1 - (-7 - -5) - (-9 + (11 - 8 - 13)).
20
-13 + (10 - (-8 + 14 + -6 + -6))
3
-8 - ((-85 - -116 - (14 - (4 + -5))) + 96)
-120
Evaluate (85 - -9) + (-2 - ((-8 - -17 - 6) + 0)).
89
Evaluate -8 - (3 + (-97 - -40) + 55 + (8 - 0)).
-17
What is 1 + -50 - 2 - (980 - 987)?
-44
Evaluate 2 - 1 - (-2 - (-19 + 74